33
14 + -126 + (38 - -21)
-53
-56 - 4 - ((-6 - (3 - 15)) + 45 + -41)
-70
What is the value of 343 + -350 + (50 - (1 - -5)) + -3?
34
Calculate 4 + 0 + 0 - (23 + (20 - 39)).
0
Evaluate -1 + -12 + 822 + -780 + 59.
88
Calculate (1572 - 1463) + (-10 - (-4 - -5 - 2)).
100
What is 2 + (-3 - -5) + 43 + (79 - 187)?
-61
What is -34 - (32 - 32) - (3 + 1 + 6)?
-44
13 + (43 - ((9 - -9) + 2 + (0 - 9)))
45
What is the value of 130 - (234 - 105 - 87)?
88
Calculate (1 - (17 + -6) - -8) + (2 + 16 - 127).
-111
(-12 + -1 - 1) + (-193 - (-115 - 105))
13
Calculate 4 + 20 + -19 - (0 + -2 + -1 + -7).
15
What is -8 - (53 + -7 - (-137 - -142 - (-5 - 0)))?
-44
What is the value of -319 - -247 - -63 - ((33 - -2) + -1 + 1)?
-44
Calculate 17 + -41 + 102 - 23.
55
What is (-5 - -76 - 64) + -16?
-9
Evaluate 46 - 31 - (-2 - -17).
0
What is the value of 96 + (-178 + 61 - -54)?
33
Calculate 2 + (10 + 19 - 8 - 23).
0
Calculate 151 + -245 - (3 + -5 + -13 - 6).
-73
-44 - (33 + -19 + 22 - 37)
-43
What is 470 - 450 - ((-38 - -3) + -3)?
58
What is the value of 29 - (-13 + 5 - (-141 - -64))?
-40
What is the value of 106 + 107 + (-74 - 179)?
-40
Evaluate 13 + (-22 - (57 - 22)).
-44
What is -99 + 3 + -1 + -68 + 74?
-91
Evaluate -47 + -52 + (182 - 41).
42
What is the value of 74 + (-156 - -190) - 108?
0
What is the value of 3 + -24 - (-6 + -6) - (-33 + 0 - -4)?
20
Calculate -1 + (-8 - -8 - -5) - (7 + -9).
6
What is the value of -115 + (25 - 156) + 387?
141
What is the value of -115 - (22 + 1 + (-26 - (127 + -144)))?
-129
Evaluate 16 + 2 + -12 + (-9 - -10) - 14.
-7
Evaluate 92 + 13 - (-914 - -957).
62
What is the value of (-14 - -66 - 27) + -35 + (2 - 6)?
-14
What is -44 - (-103 + 25 + 14)?
20
3 + -76 + 30 + -12 + 29
-26
Calculate (55 - -6) + -145 + 42.
-42
Evaluate (1 - -1) + -11 + 3 + 16 + -25.
-15
Evaluate 269 + -271 + (3 - 1) + (-2 - 39 - 3).
-44
What is (-316 + 39 - -145) + 27?
-105
Calculate (197 - 243) + 44 + 9.
7
Evaluate (37 - 2) + -135 + 114.
14
Evaluate 1 + -79 - (-124 + 214 + -91).
-77
Calculate 5 + (26 - 27 - 5) + (-2 - 26).
-29
Evaluate -1364 + 1350 - (7 - (3 + 1 - -1)).
-16
(0 - 1) + 3 + (-12 + -10 - 7) - 3
-30
What is the value of -11 - ((11 - -1) + -72) - -8 - (7 + 5)?
45
What is the value of -9 + 4 + 4 + 22 + 21?
42
-1476 + 1471 + (-48 - (5 - 2)) + 2
-54
What is 6 + 78 + -21 + (23 - (-14 - 1))?
101
Evaluate 6 + -5 - (-19 + 10 + 13 + -7 + 0).
4
Evaluate (-39 - (-38 - 11) - (0 + 84)) + -11 + 0.
-85
What is the value of (39 + 87 - 180 - (1 + (-1 - 9))) + -5?
-50
72 + (-6 - 20) + -67 - (0 + 3)
-24
What is 20 - (67 - (62 + 6))?
21
Evaluate 3 + 12 + -11 + -5 + -21 - -17.
-5
What is the value of -16 + 11 + (-27 + 31 - 58)?
-59
Calculate 48 - (43 + -5) - (-1 + (14 - 3)).
0
Evaluate (7 - 13) + 0 + (-5 - -10) - (4 - -63).
-68
What is 40 + (34 - (12 + 13))?
49
10 - (14 - ((-7 - -17) + (1 - 2)))
5
Evaluate 1761 + -1834 + (-2 - -4 - (-1 - 1)) - 5.
-74
What is (-6 - (10 - 9)) + 2 + 4 - (-31 + 5)?
25
(2 - -6) + -456 + 413
-35
What is -4 - -6 - (1179 - 1205)?
28
Calculate 10 + 33 - -1 - (-1 - (13 - 31)).
27
What is (0 - -69) + (59 - (179 - 96))?
45
What is 5 + (-8 - -4 - (13 - 10)) - -7?
5
Evaluate -34 - (-72 + (-10 - 39)) - (-18 - -2).
103
What is -18 + (1 - -25) + -115 + 126?
19
Calculate -69 + 43 - (7 - (3 - -1 - (-12 + 0))).
-17
Evaluate (-39 - (47 - 1)) + 6.
-79
What is 72 + (-19 - 13) + -25?
15
(-1728 - -1743) + -3 + 0 + -58
-46
Evaluate 4 - (5 - (-20 - -8)) - (-193 + 282).
-102
Calculate (-7 - -61 - 181 - -52) + 1 + 19.
-55
What is -87 - (15 + -17 + -19 + 4)?
-70
What is the value of (-2 - -2 - 31) + 278 + -278?
-31
Calculate -67 - (-20 - (10 + -25) - 5).
-57
What is -45 + 54 - (-12 + 13) - 10?
-2
What is the value of 23 - (-35 + 10 + -2 - 11)?
61
Calculate -2 - -2 - ((10 - (-16 + 19 - -6)) + -10).
9
What is 148 - (23 + -24) - 82?
67
46 + ((0 - 0) + -2 + -3 - -8) - 1
48
-19 + (-16 - (7 - 14) - 4) + 2 + 7
-23
(43 - -26) + -51 + -12
6
Calculate -11 - (3 - (1 - 1 - (147 - 199))).
38
What is the value of -16 + (9 - (12 + 12 + -20)) + 1 - 47?
-57
0 + 0 + -5 - (-1657 + 1603)
49
What is -11 - ((-6 + 15 - -24) + -30)?
-14
Evaluate (11 - -1) + (18765 - 18654).
123
What is (-31 - (-127 - -10) - 37) + (-1 - 0)?
48
Evaluate 21 + 8 + -37 + 34 - 18.
8
(5 - -4) + 129 + -134 + 2 + (-3 - 2)
1
What is -4 - (3 - 40) - (219 - 217)?
31
Evaluate 20028 - 20022 - (-14 + 0 - 0).
20
What is -6 + (-35 - (47 - 88))?
0
Evaluate 55 + 78 + -23 - 39.
71
Evaluate (-222 + 221 - (0 + 2)) + -3 + -19.
-25
What is 0 + -1 - (-169 - (-144 - -8))?
32
Calculate -11 - -6 - (-65 + 6 + 12).
42
Calculate (-123 - -131) + 62 + (-5 - (3 - 0)).
62
(9 + -2 - (28 + -9 - -91)) + 2 + 1
-100
Evaluate ((30 - -46) + (-3 + -9 - -1) - 2) + -7.
56
What is 12 + 6 + 3 + (11 - (65 - -10))?
-43
What is 321 - (494 - 200) - (-8 + 1 + 1)?
33
What is the value of 0 - -22 - (3311 + -3297)?
8
-20 + (-20 - -7) - 14
-47
What is (12 - -8 - 22) + -20 + 6 + -16?
-32
What is the value of 0 + 19 + (-15 + 0 - -5) - -26?
35
Evaluate 150 - 271 - (-10 - 85).
-26
Calculate (7 + -16 - -2) + -6 - (2 + -29).
14
What is (47 - 45) + (7 + (54 - -6 - 7) - 3)?
59
What is 24 + -44 + (-52 - -151)?
79
What is 45 + 13 + (-50 - -6)?
14
Evaluate (-1 - 7) + (11 + 11 - (44 - 10)).
-20
What is (5 - 2) + (25 + 50 - 49)?
29
Calculate 8 - ((-107 - -114 - (-35 - 0)) + 11).
-45
Calculate 30 - (37 + 74 + -24).
-57
(260 - 328 - (-2 + 33)) + 19
-80
What is (97 - 108) + (-7 - -6) + -2 + -50?
-64
-54 + (-44 - -45 - -106)
53
Calculate (-5 - -2) + 17 + -20 + -1 - 40.
-47
Calculate -45 - -88 - 18 - (-13 - -1).
37
Evaluate -17 + (-62 - (-7 + -4 + 6)).
-74
123 + (40 - (11 - (-10 + -17 + 21)))
146
What is -13 + (24 + -6 - -14) - 16 - 9?
-6
What is (7 - -13) + 5 - (63 + -96)?
58
-76 + 152 + -233 + 86
-71
What is (4 + 32 + 11 - 12) + (2 - -9)?
46
What is the value of 25 + 20 + -18 + 21 + -12 + 2?
38
Evaluate (-68 - 2) + (17 - (-20 - -21)).
-54
(7 + -18 - 20) + 0 + -8 + 4 + -11
-46
What is the value of 63 - -3 - (-1863 + 2031)?
-102
Calculate -1 + 0 + (7 + -2 + 11 - -18).
33
What is -57 - (33 - (-72 + 71))?
-91
Evaluate -5572 + 5698 + 1 + -31.
96
(1 - -2) + (-8 - (-11 - -10)) + (16 - -2)
14
What is the value of 3 + (-4 - -2) + -40 + 40 - -58?
59
Evaluate (13 - -1) + (-20 + -6 - (3 + -37)).
22
Calculate 74 - 78 - (2 + -52 + -16 + 17).
45
23 + -20 + -38 - (-132 + -21)
118
What is -55 + 45 - -53 - 9?
34
What is the value of 93 + -196 + 90 + 57?
44
Evaluate 2 - (-41 + 36 + (2 - -6 - -3)).
-4
Evaluate 50 - (70 - -7) - 43.
-70
What is 47 - 56 - -4 - -30?
25
What is 2 - (-21 + 56 + -29 + 24)?
-28
What is the value of -40 + (15 - 7 - -3 - 15) + 2 + -1?
-43
Calculate -10 + (-1 - -10) - (21 - (-3 + 5) - -1).
-21
Evaluate 87 - 13 - 4 - (-10 + (15 - 0)).
65
What is (2 - 61) + (-339 - -391)?
-7
What is the value of 1 - -26 - (11 - (-8 - -33 - 24))?
17
What is the value of -33 + -53 + (4 + 0 - 3)?
-85
Calculate (325 - 334) + (-106 - (3 + -6 - -10)).
-122
Evaluate (19 - 46) + -33 + 122 - (-1 + 10).
53
What is the value of (-83 - -27 - -17) + 32?
-7
Evaluate -37 + (-9 + 1 - (32 + (-33 - -9))).
-53
What is -105 + (50 - -22) - (1 - 19)?
-15
Evaluate 2 + -12 + -28 + 46 + -13 + 21.
16
Evaluate 15914 + -15944 + (61 - (-1 + -1)).
33
What is the value of -8 + (33 - 23 - -36)?
38
What is the value of 1071 + -1117 + (4 - -11)?
-31
-13 + -6 + (-22 - -20) + 26 + 18
23
What is -112 + (-40 + 38 - -60)?
-54
Evaluate -18 + 131 - 106 - (-21 - 1).
29
What is 54 - (-71 + (134 - -21))?
-30
Evaluate -9 - (17 + -14) - (5 + 72).
-89
What is the value of 5 + -7 + (34 - 1) + -2 + 20?
49
Calculate (-45 + 112 - -29) + -85.
11
-16 + (-8 - -14) + (123 - 47)
66
What is 105 + 56 + -225 - -105?
41
What is the value of -13 + (-88 - 36 - -74)?
-63
Calculate -30 + (-25 + 15 - 15) + 15.
-40
Calculate 2465 + -2476 + -25 + -1.
-37
What is the value of 9 + -8 + 73 + -3 + (-12 - -31)?
90
Calculate -9 - 1 - (27 + -52 + 43 + -55).
27
4 + -1 + 10 + (25 - 86)
-48
Calculate -37 + (-27 + 13 - -3 - -5) + 11.
-32
Calculate -1 - (-19 + -45 + -18 + 16) - 19.
46
What is the value of 19 - 25 - 31 - -119 - 23?
59
-57 - (3 + -1 + 17 + -11 + (-43 - -25))
-47
(5 - (4 + (-29 - 26))) + -26
30
-50 - (-28 - (-61 + 55))
-28
Evaluate -66 + 170 - 69 - 62.
-27
-16 - -34 - 36 - -22 - (11 + -1 + 2)
-8
What is the value of 82 - (85 + -28 + -10)?
35
70 + 19 + (29 - (-4 - -